me factors of 55958?
2, 7, 571
List the prime factors of 12573097.
1103, 11399
List the prime factors of 973379.
11, 107, 827
What are the prime factors of 34338412?
2, 157, 54679
What are the prime factors of 3929773?
3929773
What are the prime factors of 1293434?
2, 263, 2459
List the prime factors of 8490776.
2, 7, 31, 67, 73
List the prime factors of 24414.
2, 3, 13, 313
List the prime factors of 452702.
2, 461, 491
List the prime factors of 556609.
556609
What are the prime factors of 7800507?
3, 11, 13, 19, 29
What are the prime factors of 196650?
2, 3, 5, 19, 23
What are the prime factors of 224482?
2, 112241
List the prime factors of 6274716.
2, 3, 7, 74699
List the prime factors of 1517854.
2, 13, 58379
List the prime factors of 83712.
2, 3, 109
What are the prime factors of 285648?
2, 3, 11, 541
What are the prime factors of 178767?
3, 2207
What are the prime factors of 1367712?
2, 3, 1583
List the prime factors of 190541.
13, 14657
What are the prime factors of 8806030?
2, 5, 880603
List the prime factors of 2840004.
2, 3, 78889
What are the prime factors of 670038?
2, 3, 17, 6569
List the prime factors of 938289.
3, 11, 28433
What are the prime factors of 5012705?
5, 17, 3469
What are the prime factors of 16671705?
3, 5, 1111447
List the prime factors of 10317340.
2, 5, 11, 23, 2039
List the prime factors of 2689150.
2, 5, 53783
List the prime factors of 10795874.
2, 31, 41, 137
What are the prime factors of 620562?
2, 3, 59, 1753
List the prime factors of 281705.
5, 103, 547
List the prime factors of 838131.
3, 7, 107, 373
List the prime factors of 4155140.
2, 5, 11, 17, 101
What are the prime factors of 1283310?
2, 3, 5, 7, 97
What are the prime factors of 1618551?
3, 11, 16349
List the prime factors of 292293.
3, 47, 691
What are the prime factors of 30046?
2, 83, 181
What are the prime factors of 337567?
79, 4273
List the prime factors of 1647266.
2, 17, 48449
What are the prime factors of 5163533?
311, 16603
List the prime factors of 37024.
2, 13, 89
List the prime factors of 1786437.
3, 19, 31, 337
What are the prime factors of 1645974?
2, 3, 11, 17, 163
List the prime factors of 1026812.
2, 23, 11161
List the prime factors of 27316177.
7, 31, 367
What are the prime factors of 22738397?
11, 349, 5923
What are the prime factors of 31440864?
2, 3, 7, 13, 59, 61
List the prime factors of 7678565.
5, 19, 131, 617
What are the prime factors of 1695264?
2, 3, 17659
List the prime factors of 8325149.
7, 23, 83, 89
List the prime factors of 477895.
5, 11, 8689
List the prime factors of 431858.
2, 7, 109, 283
List the prime factors of 986691.
3, 328897
What are the prime factors of 1563414?
2, 3, 260569
What are the prime factors of 1987433?
7, 97, 2927
What are the prime factors of 1090789?
7, 113, 197
List the prime factors of 7650732.
2, 3, 43, 14827
What are the prime factors of 1128337?
7, 359, 449
What are the prime factors of 1442684?
2, 101, 3571
List the prime factors of 198833.
198833
What are the prime factors of 21533?
61, 353
List the prime factors of 18608397.
3, 6202799
What are the prime factors of 393157?
393157
What are the prime factors of 392131?
392131
List the prime factors of 412273.
412273
List the prime factors of 3092441.
11, 281131
List the prime factors of 31656473.
601, 52673
What are the prime factors of 9912311?
9912311
What are the prime factors of 455914?
2, 37, 61, 101
What are the prime factors of 126853?
47, 2699
What are the prime factors of 989243?
71, 13933
List the prime factors of 232802.
2, 43, 2707
What are the prime factors of 4424951?
4424951
List the prime factors of 4318937.
7, 616991
List the prime factors of 239218.
2, 7, 2441
What are the prime factors of 299562?
2, 3, 49927
What are the prime factors of 3648404?
2, 17, 53653
List the prime factors of 2398031.
151, 15881
List the prime factors of 106335.
3, 5, 17, 139
What are the prime factors of 1005616?
2, 62851
What are the prime factors of 114885?
3, 5, 23, 37
List the prime factors of 9281232.
2, 3, 64453
What are the prime factors of 491401?
701
List the prime factors of 41537.
73, 569
List the prime factors of 260484.
2, 3, 7, 443
What are the prime factors of 1854641?
157, 11813
What are the prime factors of 2723425?
5, 41, 2657
List the prime factors of 2781763.
593, 4691
What are the prime factors of 33512500?
2, 5, 7, 383
What are the prime factors of 2668417?
19, 140443
List the prime factors of 10468710.
2, 3, 5, 7, 29, 191
What are the prime factors of 456533?
7, 11
What are the prime factors of 303420?
2, 3, 5, 13, 389
List the prime factors of 46887.
3, 15629
List the prime factors of 588138.
2, 3, 83, 1181
What are the prime factors of 1785236?
2, 446309
List the prime factors of 3558949.
239, 14891
List the prime factors of 149599.
211, 709
What are the prime factors of 460585?
5, 251, 367
List the prime factors of 158268.
2, 3, 11, 109
What are the prime factors of 3008662?
2, 41, 36691
List the prime factors of 13372552.
2, 577, 2897
What are the prime factors of 9051208?
2, 17, 66553
What are the prime factors of 3057418?
2, 7, 13, 107, 157
List the prime factors of 10003.
7, 1429
What are the prime factors of 40746?
2, 3, 6791
List the prime factors of 1520131.
1520131
List the prime factors of 122906.
2, 7, 8779
What are the prime factors of 163120?
2, 5, 2039
What are the prime factors of 1482576?
2, 3, 67, 461
What are the prime factors of 3045342?
2, 3, 507557
What are the prime factors of 186855?
3, 5, 12457
List the prime factors of 1751.
17, 103
What are the prime factors of 7188070?
2, 5, 718807
List the prime factors of 316449.
3, 7, 5023
List the prime factors of 316733.
23, 47, 293
List the prime factors of 2443612.
2, 23, 26561
List the prime factors of 64746.
2, 3, 11, 109
What are the prime factors of 37759?
61, 619
What are the prime factors of 8683727?
13, 51383
What are the prime factors of 179966?
2, 89983
List the prime factors of 5877074.
2, 7, 419791
List the prime factors of 1147417.
1147417
What are the prime factors of 1620529?
19, 67
List the prime factors of 926777.
926777
List the prime factors of 343827.
3, 11, 23, 151
What are the prime factors of 1149696?
2, 3, 499
What are the prime factors of 2450426?
2, 11, 31, 3593
List the prime factors of 15333625.
5, 241, 509
List the prime factors of 741217.
17, 59, 739
List the prime factors of 1432633.
89, 16097
List the prime factors of 1497978.
2, 3, 83221
List the prime factors of 460054.
2, 7, 17, 1933
What are the prime factors of 4365312?
2, 3, 7, 29
What are the prime factors of 11130466?
2, 19, 83, 3529
List the prime factors of 1264596.
2, 3, 17, 6199
What are the prime factors of 7574129?
17, 445537
List the prime factors of 1242866.
2, 19, 32707
List the prime factors of 718358.
2, 43, 8353
What are the prime factors of 72103?
72103
What are the prime factors of 323656?
2, 23, 1759
List the prime factors of 146769.
3, 7, 29, 241
What are the prime factors of 235921?
7, 33703
List the prime factors of 522900.
2, 3, 5, 7, 83
List the prime factors of 14768644.
2, 11, 59, 5689
List the prime factors of 187473.
3, 11, 13, 19, 23
What are the prime factors of 1480524?
2, 3, 123377
List the prime factors of 4679470.
2, 5, 577, 811
List the prime factors of 179129.
17, 41, 257
List the prime factors of 256166.
2, 349, 367
What are the prime factors of 473509?
41, 11549
What are the prime factors of 1330181?
1093, 1217
List the prime factors of 3093534.
2, 3, 171863
List the prime factors of 287096.
2, 17, 2111
List the prime factors of 478883.
23, 47, 443
List the prime factors of 142933.
7, 2917
What are the prime factors of 378274?
2, 13, 14549
List the prime factors of 165412.
2, 13, 3181
What are the prime factors of 4006787?
619, 6473
List the prime factors of 1543084.
2, 385771
List the prime factors of 379679.
379679
List the prime factors of 30143858.
2, 15071929
List the prime factors of 271877.
61, 4457
List the prime factors of 654359.
103, 6353
What are the prime factors of 7339971?
3, 17, 43, 3347
What are the prime factors of 144511?
144511
List the prime factors of 629022.
2, 3, 41, 2557
What are the prime factors of 3365073?
3, 29, 12893
List the prime factors of 26617715.
5, 113, 47111
What are the prime factors of